 p**3 - 12*p**2 + 12*p - 3. Let j be m(11). Let d = 15 + j. What is the units digit of d?
3
What is the units digit of 4764 + 0*(20/(-8) - -3)?
4
Let f = 106 - -29. Suppose -3*i - f = -3*t, 2*t = t - i + 35. Suppose -3*c = -2*a - 28, 0 = 5*c - 8*a + 3*a - t. What is the tens digit of c?
1
Let b(c) = 4471*c**2 - 6*c + 2. What is the hundreds digit of b(-1)?
4
Let p(u) = u**2 - 9*u + 18. Let c be p(7). Let m(w) = 24*w + 12. What is the tens digit of m(c)?
0
Suppose -2*o + 264 = -118. Let j = o - 86. Suppose -3*d - j = -6*d. What is the units digit of d?
5
Let u be 2*553 + (2 - 1). Let z be u/17 - (-10)/(-85). Suppose -3*v - 2*q = 2*v - z, -q - 26 = -2*v. What is the tens digit of v?
1
Suppose 875 = 12*q - 10621. What is the units digit of q?
8
What is the units digit of 8 + -7 - (2 + -830 - 4)?
3
Suppose 63 + 177 = 6*o. What is the tens digit of (-10)/o + (-1179)/(-12)?
9
Let c be 24/(-40) + (-126)/(-10). What is the units digit of (3/12)/(1/c)?
3
Let l = -47 - -79. Suppose -f - 2*b = 3*b - l, -3*b + 156 = 3*f. What is the units digit of f?
7
Suppose 6100 = 6*a - 3482. What is the tens digit of a?
9
Suppose 0 = 3*p - 2*l - 195, 5*l - 82 = -0*p - p. Let f = p + -38. What is the tens digit of f?
2
Suppose -2*x + 4*z + 4058 = 0, -x + 10*z - 5*z = -2032. What is the hundreds digit of x?
0
What is the hundreds digit of 9*493*72/324?
9
Let l(n) = -3*n + 16. Suppose -7*i - 135 = -8*i. Let w be i/(-21) - 3/(-7). What is the tens digit of l(w)?
3
Let g(c) = 11*c**2 - 3*c**2 + 2 - 6*c**2 + 2*c. What is the units digit of g(7)?
4
Suppose 4*g + 2*w = 12728, -3*g - 4*w + 918 = -8623. What is the hundreds digit of g?
1
Let b(o) = 10*o + 26. What is the hundreds digit of b(32)?
3
Let g(p) = -2*p - 17. Let m(x) = -x - 6. Let b(z) = -2*g(z) + 7*m(z). What is the tens digit of b(-6)?
1
Suppose -2*p = -5*d + 75, -d + 18 = -3*p + 3. Suppose -5*g + 1 = -x - d, 0 = -4*g + 5*x - 4. Suppose 0*j = -g*j + 8. What is the units digit of j?
2
Suppose 13*r + 12980 = 33*r. What is the hundreds digit of r?
6
Let d(x) = -3*x**2 - 15*x + 1. Let h(t) = t**2 + 7*t. Let m(s) = -3*d(s) - 7*h(s). Suppose 3*a - b = 5*a - 11, -5*a + 5 = -5*b. What is the units digit of m(a)?
3
Let i(l) be the third derivative of 1/24*l**4 + 11/6*l**3 + 0 + 0*l + 7*l**2. What is the tens digit of i(12)?
2
Let q = 465 + -46. What is the hundreds digit of q?
4
Let q = 45 - 49. What is the tens digit of 0 - -1*(18 + q)?
1
Let d be 131/(-2) + 5/10. Let g = d - -82. What is the units digit of g?
7
Let s(n) = n**3 - 5*n**2 + 2*n + 3. Let w be s(5). Suppose -w*o + 12*o = -149. What is the units digit of o?
9
Suppose -w - 249 = -d, -d + 5*w + 55 = -214. What is the tens digit of d?
4
Suppose -m = -r - 423, -2*m = r + r - 842. What is the hundreds digit of m?
4
Suppose 1266 = u - 5*m, 0 = -u + 3*m + 1717 - 441. What is the hundreds digit of u?
2
Suppose 100 = 2*m + 126. Suppose 0*r + 36 = -2*r. Let v = m - r. What is the units digit of v?
5
Suppose 2*o = -15 - 1. Let i be o/10*(-1860)/(-24). Let b = -37 - i. What is the units digit of b?
5
Suppose -3*q + 421 = 2*a - 501, 4*a = 4*q - 1236. What is the hundreds digit of q?
3
Let l = 783 - -628. What is the hundreds digit of l?
4
Suppose -32 = 5*k - 7*k. What is the units digit of 4/16 - (-1212)/k?
6
Suppose -5*i - 4*z = -746, -3*z - 73 + 815 = 5*i. What is the units digit of i?
6
What is the thousands digit of 0 + (0 - 7) + 1381?
1
Let j(t) = 15*t**2 - 2*t - 1. Let v be j(-2). Let n = 113 - v. Suppose -3*u = 4*f - 33, -5*u - 6*f + n = -f. What is the units digit of u?
7
Let r(q) = q**3 - 4*q + 2*q - 5 + 3*q - 6*q**2 - 7*q. Let b be r(7). Suppose x + 3*y + y - 21 = 0, -b*x = 3*y - 47. What is the tens digit of x?
2
Let z(s) = 2*s - 8. Let y be z(4). Suppose 0*x - 3*x - 6 = y. What is the units digit of x*((-21)/2 + 1)?
9
Suppose v - 25 - 557 = 0. What is the units digit of v?
2
Let w(o) = o**3 - 9*o**2 - 11*o + 14. Let b = 36 - 26. Let a be w(b). Suppose a*q - 2*q - 38 = 0. What is the units digit of q?
9
Let k(y) = -y**3 + 15*y**2 + 34*y - 29. What is the hundreds digit of k(15)?
4
Let b(n) = -3*n**3 + 40*n**2 - 14*n + 39. Let s(l) = -2*l**3 + 27*l**2 - 9*l + 26. Let m(r) = 5*b(r) - 7*s(r). What is the units digit of m(10)?
3
Let z(j) = j**3 - 7*j**2 + 7*j. Let w be z(6). What is the units digit of ((-21)/w - -2)*-6?
9
Suppose 1037 - 3833 = -6*x. What is the tens digit of x?
6
Suppose 18 - 13 = q. Let i(n) = 13*n - 2. Let j be i(q). Suppose 5*s = j + 32. What is the tens digit of s?
1
Suppose -4*i - 1824 = 67*l - 70*l, 3*i = -2*l + 1199. What is the units digit of l?
4
Let x be ((-12)/(-54) - (-2786)/18)/1. Let t = 225 - x. What is the tens digit of t?
7
Suppose 3*z = -2*y + 65, 40 = 3*z - 3*y - 50. Let w be (3 - 145/z)*140. What is the units digit of (-30)/(-8)*w/(-21)?
0
Suppose -5*m = 7*b - 5*b - 238, 2*m - 120 = -b. What is the units digit of b?
4
Let x be 10/25 - (-126)/(-15). What is the units digit of 6/(0 - x/420)?
5
Let t be (3/2)/(4/(-48)). Suppose -w + 3*j - 41 = w, -w - 4*j = 15. Let c = t - w. What is the units digit of c?
1
Let g(y) = 193*y + 1. Let a be g(1). Suppose 5 = -3*t + a. What is the units digit of t?
3
Let c = 18 - 15. Suppose -2*b - b - 24 = -c*d, -2*b = 2*d. Suppose d*u - 86 - 114 = 0. What is the tens digit of u?
5
Let r(l) = 12*l**2 + 6*l - 13. What is the tens digit of r(-5)?
5
Let m(u) be the second derivative of u**6/360 - u**5/120 + u**4/24 - 5*u**3/6 + u. Let o(g) be the second derivative of m(g). What is the units digit of o(3)?
7
Suppose -19*y + 15*y = 0. Suppose 0 = -4*j + 8, -z + 99 = -y*z - 4*j. What is the tens digit of z?
0
Let o(b) = -7*b**3 + b**2 - 6*b + 6. Let d be o(5). What is the tens digit of (6/4)/((-19)/d)?
6
Let f = 1088 + -584. Suppose -f = w - 10*w. What is the tens digit of w?
5
Suppose 7 - 3 = m. Suppose -135 = -m*n - z, -5*z - 43 = -n - 4. What is the tens digit of n?
3
Let s(r) = -2*r**2 - 5*r + 1. Let z be s(-4). Let p(k) = -3*k**2 - 5*k - 8. Let y be p(z). What is the tens digit of 6/9 - y/12?
2
Let l(f) = -3*f - 18. Let b(g) = 3*g + 19. Let n(h) = 5*b(h) + 4*l(h). Let d be 3/2 + 17/2. What is the units digit of n(d)?
3
Let x = 11 - 12. Let b be x + (0 - -2) + 4. Suppose 26 = b*a - 9. What is the units digit of a?
7
What is the hundreds digit of (-3928)/(-12) - (-6)/9?
3
Suppose -35*w + 24*w + 25267 = 0. What is the tens digit of w?
9
Let w be -1 - (-6)/3 - 1. Suppose w = -4*p - p + 5. What is the units digit of (17 + p)*4/6?
2
What is the hundreds digit of (-92807)/(-23) - (-252)/(-2898)?
0
What is the thousands digit of ((-3247)/(-2) + (-18)/12)*1?
1
Suppose -16*l - 12 = -19*l. What is the tens digit of l + 369/15 + 6/(-10)?
2
Let w be (-74)/9 + (-4)/(-18). Let x(j) = -j**3 - 8*j**2 + 3. Let u be x(w). Suppose 0 = u*h - 9 - 18. What is the units digit of h?
9
Suppose 7*r + 4 = 5*w + 3*r, -3*r + 12 = 0. Suppose -g - 235 = -3*b, -w*g - 150 = -3*b + b. What is the units digit of b?
9
Suppose -4*j + 0*w + 4*w + 1684 = 0, -5*w + 870 = 2*j. What is the units digit of j?
5
Let c(j) = -j**3 - 1. Let k(f) = -6*f**3 + 7*f**2 - 9. Suppose 4*b = 6*b + 10. Let q(o) = b*c(o) + k(o). What is the tens digit of q(6)?
3
Let f be ((-6)/(-3) - -5)/1. Suppose f = -5*d - 3. Let h(p) = -6*p**3 + p**2 + 3*p + 2. What is the tens digit of h(d)?
4
Suppose -3*g + g + 4*i = -14, 2*i = 2*g - 6. Let h(u) = -6*u. Let p be h(g). What is the units digit of (1 + (-3)/p)*16?
8
Let m(r) = r**2 - 11*r + 20. Suppose -5*b + 13 = 4*v + 30, -2*b = 10. Suppose -8 = v*c, -x - c + 29 = 2*x. What is the tens digit of m(x)?
2
Let v(h) = 2*h - 24. Let l be v(13). Suppose -145 = -l*s - 67. What is the units digit of s?
9
Let p be 6/(-9) - 1/3. What is the units digit of -1 + 3 - 4/p?
6
Let n(u) = -u**2 + 14*u + 35. Let p be n(16). Let v(s) = 25*s**2 - 8*s + 12. What is the hundreds digit of v(p)?
2
What is the units digit of (7610/2)/(46 - 41)?
1
Let d(z) be the third derivative of -5*z**4/24 - 13*z**3/6 - 10*z**2. What is the tens digit of d(-8)?
2
Suppose 3*w + 6 - 51 = 0. Let x = -10 + w. Let r = -2 + x. What is the units digit of r?
3
Let j(b) be the second derivative of 1/2*b**2 - 3/10*b**5 - 1/12*b**4 - 7*b + 0 + 0*b**3. What is the units digit of j(-1)?
6
Suppose 0 = -o - 4*o + 20. Let m be (6/o)/(15/20). Suppose m*z + 21 = 3*z. What is t